{"id":2349,"date":"2026-01-07T14:25:02","date_gmt":"2026-01-07T14:25:02","guid":{"rendered":"https:\/\/everlake.ch\/sales\/le-mont-sur-lausanne-1052-ey6a-4awk\/"},"modified":"2026-04-16T20:04:08","modified_gmt":"2026-04-16T20:04:08","slug":"le-mont-sur-lausanne-1052-ey6a-4awk","status":"publish","type":"listing","link":"https:\/\/everlake.ch\/en\/sales\/le-mont-sur-lausanne-1052-ey6a-4awk\/","title":{"rendered":"Charme et grand potentiel dans un cadre privil\u00e9gi\u00e9"},"content":{"rendered":"<p><strong><em>EN EXCLUSIVIT\u00c9<\/em><\/strong><\/p>\n<p>Situ\u00e9e dans un environnement privil\u00e9gi\u00e9, au c\u0153ur d\u2019un <strong>quartier r\u00e9sidentiel de villas<\/strong>, cette charmante villa mitoyenne offre un <strong>cadre de vie rare et paisible<\/strong>. Implant\u00e9e dans une <strong>rue sans issue<\/strong>, elle b\u00e9n\u00e9ficie d\u2019un emplacement discret, id\u00e9al pour une famille. Pour 2027, la commune pr\u00e9voit un <strong>nouvel arr\u00eat pour la ligne de bus tl18<\/strong> \u00e0 400 m \u00e0 pieds dans le quartier de la Clochatte. <\/p>\n<p><strong>Les atouts de la propri\u00e9t\u00e9 :<\/strong><\/p>\n<ul>\n<li><strong>Beaux volumes<\/strong> et <strong>grands espaces<\/strong> offrant de nombreuses possibilit\u00e9s d\u2019am\u00e9nagement<\/li>\n<li><strong>Jardin secret<\/strong>, intime et verdoyant, situ\u00e9 en limite d\u2019une <strong>rivi\u00e8re<\/strong>, parfait pour se ressourcer<\/li>\n<li>Luminosit\u00e9 naturelle gr\u00e2ce \u00e0 une belle exposition<\/li>\n<li>Environnement calme et r\u00e9sidentiel<\/li>\n<li><strong>Travaux de r\u00e9novation \u00e0 pr\u00e9voir<\/strong>, permettant de cr\u00e9er un int\u00e9rieur sur mesure selon vos go\u00fbts<\/li>\n<\/ul>\n<p>La villa se d\u00e9veloppe sur plusieurs niveaux et propose une surface g\u00e9n\u00e9reuse et fonctionnelle :<\/p>\n<h3><strong>Rez-de-chauss\u00e9e<\/strong><\/h3>\n<p>Le rez-de-chauss\u00e9e accueille une entr\u00e9e spacieuse de 6 m\u00b2 ainsi qu'un grand hall de distribution qui s'ouvre sur les espaces \u00e0 vivre. Le <strong>s\u00e9jour lumineux de 29 m\u00b2 avec chemin\u00e9e<\/strong> est reli\u00e9 \u00e0 une <strong>cuisine habitable de 12 m\u00b2,<\/strong> offrant un acc\u00e8s direct au jardin. Un WC visiteurs compl\u00e8te ce niveau agr\u00e9able et convivial.<\/p>\n<h3><strong>\u00c9tage<\/strong><\/h3>\n<p>L\u2019\u00e9tage se compose de <strong>quatre chambres<\/strong> et d'une salle de bain compl\u00e8te.<\/p>\n<h3><strong>Combles<\/strong><\/h3>\n<p>Les combles offrent une <strong>surface totale de 58 m\u00b2<\/strong>, dont environ <strong>40 m\u00b2<\/strong> avec une hauteur sup\u00e9rieure \u00e0 1m30. Ce volume g\u00e9n\u00e9reux offre de nombreuses possibilit\u00e9s : salle de jeux, atelier, espace de t\u00e9l\u00e9travail ou chambre d'invit\u00e9s.<\/p>\n<h3><strong>Sous-sol (avec acc\u00e8s ext\u00e9rieur ind\u00e9pendant)<\/strong><\/h3>\n<p>Le sous-sol propose des espaces additionnels particuli\u00e8rement int\u00e9ressants, notamment une <strong>pi\u00e8ce de 25 m\u00b2<\/strong> avec entr\u00e9e ind\u00e9pendante et WC \u2014 parfaite pour un studio, un espace hobby ou un bureau professionnel. Une seconde pi\u00e8ce de <strong>21 m\u00b2<\/strong>, \u00e9quip\u00e9e d\u2019une douche et d\u2019un sauna, offre un v\u00e9ritable espace bien-\u00eatre.<br \/>\nS\u2019ajoutent un hall de 7 m\u00b2 et un local technique de 7,5 m\u00b2 comprenant la pompe \u00e0 chaleur et une douche suppl\u00e9mentaire.<\/p>\n<p>Cette villa repr\u00e9sente une <strong>opportunit\u00e9 rare<\/strong> pour celles et ceux qui souhaitent personnaliser leur futur lieu de vie dans un cadre exceptionnel.<\/p>\n","protected":false},"featured_media":0,"template":"","listing_type":[2],"property_type":[3,357],"no_of_rooms":[4],"feature":[35,335],"orientation":[],"locality":[30,13],"postcode":[31],"country":[9],"listing_status":[93],"ra_feature":[11],"class_list":["post-2349","listing","type-listing","status-publish","hentry","listing_type-buy","property_type-house","property_type-semi-detached-house","no_of_rooms-6-rooms","feature-fireplace","feature-child-friendly","locality-le-mont-sur-lausanne","locality-vaud","postcode-31","country-ch","listing_status-reserved","ra_feature-published-on-ra"],"acf":[],"_links":{"self":[{"href":"https:\/\/everlake.ch\/en\/wp-json\/wp\/v2\/listing\/2349","targetHints":{"allow":["GET"]}}],"collection":[{"href":"https:\/\/everlake.ch\/en\/wp-json\/wp\/v2\/listing"}],"about":[{"href":"https:\/\/everlake.ch\/en\/wp-json\/wp\/v2\/types\/listing"}],"wp:attachment":[{"href":"https:\/\/everlake.ch\/en\/wp-json\/wp\/v2\/media?parent=2349"}],"wp:term":[{"taxonomy":"listing_type","embeddable":true,"href":"https:\/\/everlake.ch\/en\/wp-json\/wp\/v2\/listing_type?post=2349"},{"taxonomy":"property_type","embeddable":true,"href":"https:\/\/everlake.ch\/en\/wp-json\/wp\/v2\/property_type?post=2349"},{"taxonomy":"no_of_rooms","embeddable":true,"href":"https:\/\/everlake.ch\/en\/wp-json\/wp\/v2\/no_of_rooms?post=2349"},{"taxonomy":"feature","embeddable":true,"href":"https:\/\/everlake.ch\/en\/wp-json\/wp\/v2\/feature?post=2349"},{"taxonomy":"orientation","embeddable":true,"href":"https:\/\/everlake.ch\/en\/wp-json\/wp\/v2\/orientation?post=2349"},{"taxonomy":"locality","embeddable":true,"href":"https:\/\/everlake.ch\/en\/wp-json\/wp\/v2\/locality?post=2349"},{"taxonomy":"postcode","embeddable":true,"href":"https:\/\/everlake.ch\/en\/wp-json\/wp\/v2\/postcode?post=2349"},{"taxonomy":"country","embeddable":true,"href":"https:\/\/everlake.ch\/en\/wp-json\/wp\/v2\/country?post=2349"},{"taxonomy":"listing_status","embeddable":true,"href":"https:\/\/everlake.ch\/en\/wp-json\/wp\/v2\/listing_status?post=2349"},{"taxonomy":"ra_feature","embeddable":true,"href":"https:\/\/everlake.ch\/en\/wp-json\/wp\/v2\/ra_feature?post=2349"}],"curies":[{"name":"wp","href":"https:\/\/api.w.org\/{rel}","templated":true}]}}

Charme et grand potentiel dans un cadre privilégié

<p><strong><em>EN EXCLUSIVITÉ</em></strong></p>
<p>Située dans un environnement privilégié, au cœur d’un <strong>quartier résidentiel de villas</strong>, cette charmante villa mitoyenne offre un <strong>cadre de vie rare et paisible</strong>. Implantée dans une <strong>rue sans issue</strong>, elle bénéficie d’un emplacement discret, idéal pour une famille. Pour 2027, la commune prévoit un <strong>nouvel arrêt pour la ligne de bus tl18</strong> à 400 m à pieds dans le quartier de la Clochatte. </p>
<p><strong>Les atouts de la propriété :</strong></p>
<ul>
<li><strong>Beaux volumes</strong> et <strong>grands espaces</strong> offrant de nombreuses possibilités d’aménagement</li>
<li><strong>Jardin secret</strong>, intime et verdoyant, situé en limite d’une <strong>rivière</strong>, parfait pour se ressourcer</li>
<li>Luminosité naturelle grâce à une belle exposition</li>
<li>Environnement calme et résidentiel</li>
<li><strong>Travaux de rénovation à prévoir</strong>, permettant de créer un intérieur sur mesure selon vos goûts</li>
</ul>
<p>La villa se développe sur plusieurs niveaux et propose une surface généreuse et fonctionnelle :</p>
<h3><strong>Rez-de-chaussée</strong></h3>
<p>Le rez-de-chaussée accueille une entrée spacieuse de 6 m² ainsi qu'un grand hall de distribution qui s'ouvre sur les espaces à vivre. Le <strong>séjour lumineux de 29 m² avec cheminée</strong> est relié à une <strong>cuisine habitable de 12 m²,</strong> offrant un accès direct au jardin. Un WC visiteurs complète ce niveau agréable et convivial.</p>
<h3><strong>Étage</strong></h3>
<p>L’étage se compose de <strong>quatre chambres</strong> et d'une salle de bain complète.</p>
<h3><strong>Combles</strong></h3>
<p>Les combles offrent une <strong>surface totale de 58 m²</strong>, dont environ <strong>40 m²</strong> avec une hauteur supérieure à 1m30. Ce volume généreux offre de nombreuses possibilités : salle de jeux, atelier, espace de télétravail ou chambre d'invités.</p>
<h3><strong>Sous-sol (avec accès extérieur indépendant)</strong></h3>
<p>Le sous-sol propose des espaces additionnels particulièrement intéressants, notamment une <strong>pièce de 25 m²</strong> avec entrée indépendante et WC — parfaite pour un studio, un espace hobby ou un bureau professionnel. Une seconde pièce de <strong>21 m²</strong>, équipée d’une douche et d’un sauna, offre un véritable espace bien-être.<br />
S’ajoutent un hall de 7 m² et un local technique de 7,5 m² comprenant la pompe à chaleur et une douche supplémentaire.</p>
<p>Cette villa représente une <strong>opportunité rare</strong> pour celles et ceux qui souhaitent personnaliser leur futur lieu de vie dans un cadre exceptionnel.</p>
